 145 and 29.
29
Calculate the highest common factor of 16064 and 64.
64
What is the greatest common divisor of 84 and 280?
28
Calculate the highest common factor of 11568 and 240.
48
Calculate the highest common divisor of 425 and 340.
85
What is the greatest common factor of 56 and 21?
7
Calculate the greatest common divisor of 9 and 33.
3
What is the highest common factor of 123 and 656?
41
What is the greatest common divisor of 86 and 172?
86
Calculate the greatest common divisor of 4012 and 102.
34
Calculate the greatest common factor of 110 and 330.
110
Calculate the highest common factor of 7 and 11389.
7
What is the greatest common divisor of 37072 and 112?
112
What is the greatest common factor of 5030 and 25?
5
What is the highest common divisor of 5082 and 66?
66
Calculate the highest common divisor of 22 and 4.
2
What is the greatest common factor of 26305 and 5?
5
What is the greatest common divisor of 225 and 175?
25
What is the highest common divisor of 34 and 138856?
34
Calculate the greatest common divisor of 34 and 969.
17
Calculate the greatest common divisor of 500 and 20.
20
What is the greatest common factor of 40 and 2840?
40
What is the greatest common factor of 1634 and 152?
38
What is the highest common divisor of 84 and 428?
4
Calculate the highest common factor of 664 and 8.
8
What is the highest common factor of 798 and 28?
14
Calculate the greatest common factor of 435 and 75.
15
What is the greatest common divisor of 1045 and 95?
95
Calculate the highest common divisor of 616 and 168.
56
What is the highest common factor of 253 and 23?
23
What is the highest common factor of 187 and 352?
11
What is the highest common factor of 180 and 1860?
60
Calculate the highest common divisor of 122 and 2074.
122
Calculate the highest common factor of 18857 and 218.
109
Calculate the highest common divisor of 268 and 4958.
134
Calculate the greatest common factor of 51 and 5.
1
Calculate the greatest common factor of 2691 and 78.
39
What is the highest common divisor of 830 and 10?
10
What is the greatest common divisor of 3026 and 34?
34
What is the greatest common divisor of 96 and 186?
6
Calculate the greatest common divisor of 76 and 12293.
19
What is the highest common factor of 423 and 18?
9
What is the highest common factor of 124 and 527?
31
What is the highest common divisor of 208 and 9008?
16
Calculate the greatest common factor of 1680 and 192.
48
Calculate the highest common divisor of 16 and 976.
16
What is the greatest common factor of 26 and 2093?
13
What is the greatest common factor of 200 and 5960?
40
Calculate the highest common divisor of 15 and 6828.
3
What is the highest common factor of 300 and 12?
12
Calculate the highest common factor of 111 and 333.
111
What is the highest common divisor of 371 and 14?
7
What is the greatest common factor of 69 and 201?
3
Calculate the highest common factor of 10 and 1915.
5
What is the highest common divisor of 174 and 35148?
174
Calculate the greatest common factor of 171 and 114.
57
Calculate the greatest common factor of 10 and 1550.
10
What is the highest common factor of 1739 and 407?
37
Calculate the greatest common factor of 437 and 494.
19
What is the highest common divisor of 4370 and 1330?
190
What is the greatest common factor of 13 and 13?
13
Calculate the greatest common divisor of 46 and 1978.
46
Calculate the greatest common divisor of 1248 and 1716.
156
Calculate the highest common factor of 1029 and 3.
3
Calculate the greatest common divisor of 476 and 816.
68
Calculate the highest common divisor of 85 and 119.
17
What is the greatest common divisor of 62 and 4?
2
Calculate the greatest common factor of 20 and 1180.
20
What is the greatest common divisor of 8607 and 57?
57
What is the greatest common factor of 9 and 1398?
3
What is the highest common factor of 1 and 9?
1
Calculate the greatest common factor of 67749 and 33.
33
What is the highest common divisor of 62 and 11098?
62
What is the greatest common divisor of 6768 and 1152?
144
What is the greatest common divisor of 365 and 5?
5
What is the greatest common factor of 3516 and 36?
12
What is the highest common divisor of 280 and 8?
8
Calculate the highest common factor of 33 and 143.
11
What is the greatest common factor of 4472 and 104?
104
What is the greatest common divisor of 14 and 525?
7
What is the greatest common divisor of 260 and 4?
4
Calculate the highest common divisor of 88 and 154.
22
Calculate the greatest common factor of 1408 and 44.
44
What is the highest common factor of 7139 and 363?
121
What is the greatest common factor of 64 and 1248?
32
Calculate the greatest common factor of 44 and 9119.
11
Calculate the highest common divisor of 1040 and 720.
80
What is the greatest common divisor of 364 and 140?
28
What is the highest common factor of 902 and 836?
22
What is the highest common factor of 7328 and 64?
32
What is the greatest common divisor of 18 and 81?
9
Calculate the greatest common factor of 8178 and 376.
94
What is the highest common divisor of 166 and 1411?
83
What is the greatest common divisor of 432 and 1224?
72
Calculate the highest common divisor of 19 and 1121.
19
What is the greatest common factor of 50 and 350?
50
Calculate the greatest common divisor of 18 and 1116.
18
Calculate the highest common factor of 1872 and 117.
117
What is the highest common factor of 8547 and 1001?
77
What is the highest common divisor of 913 and 11?
11
What is the highest common divisor of 63 and 153?
9
What is the greatest common divisor of 16 and 1424?
16
Calculate the highest common divisor of 32 and 392.
8
What is the highest common factor of 2 and 625?
1
What is the highest common divisor of 57 and 5947?
19
Calculate the highest common factor of 294 and 336.
42
Calculate the greatest common factor of 60 and 492.
12
Calculate the highest common factor of 1802 and 34.
34
Calculate the highest common factor of 423 and 342.
9
What is the greatest common divisor of 101 and 1717?
101
Calculate the greatest common factor of 92 and 4.
4
What is the highest common divisor of 291 and 5626?
97
Calculate the greatest common divisor of 481 and 39.
13
Calculate the greatest common divisor of 357 and 17.
17
Calculate the greatest common divisor of 68 and 255.
17
What is the greatest common factor of 126 and 1694?
14
Calculate the greatest common factor of 702 and 1482.
78
What is the greatest common factor of 47 and 5217?
47
What is the highest common factor of 123 and 3?
3
Calculate the greatest common divisor of 722 and 950.
38
What is the highest common factor of 504 and 189?
63
Calculate the highest common divisor of 201 and 81.
3
Calculate the highest common divisor of 32 and 1648.
16
Calculate the greatest common divisor of 3550 and 50.
50
What is the highest common divisor of 96 and 1504?
32
Calculate the highest common divisor of 182 and 104.
26
What is the greatest common factor of 304 and 32072?
152
Calculate the highest common factor of 15 and 1215.
15
What is the highest common factor of 441 and 4557?
147
Calculate the highest common factor of 164 and 1353.
41
What is the greatest common divisor of 99 and 279?
9
What is the greatest common factor of 655 and 25?
5
Calculate the greatest common divisor of 63 and 72.
9
What is the greatest common divisor of 2485 and 140?
35
What is the greatest common divisor of 5454 and 234?
18
What is the highest common factor of 215 and 43?
43
Calculate the highest common divisor of 6424 and 110.
22
What is the highest common factor of 2352 and 686?
98
What is the highest common divisor of 198 and 1305?
9
Calculate the greatest common factor of 780 and 14300.
260
What is the highest common factor of 1536 and 480?
96
What is the greatest common divisor of 40 and 20?
20
What is the greatest common divisor of 16 and 3?
1
What is the highest common divisor of 117 and 2709?
9
What is the greatest common divisor of 814 and 222?
74
Calculate the highest common factor of 55 and 1452.
11
What is the greatest common factor of 708 and 204?
12
What is the greatest common factor of 125 and 1400?
25
Calculate the highest common divisor of 2900 and 250.
50
What is the highest common factor of 1749 and 33?
33
Calculate the highest common factor of 15